{"id":75902,"date":"2024-04-17T21:51:22","date_gmt":"2024-04-17T21:51:22","guid":{"rendered":"https:\/\/almacenpdm.com\/almacen\/?post_type=product&#038;p=75902"},"modified":"2024-04-18T17:05:56","modified_gmt":"2024-04-18T17:05:56","slug":"auriculares-vector-8-tws-display","status":"publish","type":"product","link":"https:\/\/almacenpdm.com\/almacen\/producto\/auriculares-vector-8-tws-display\/","title":{"rendered":"Auriculares Vector 8 TWS Display"},"content":{"rendered":"<p><strong id=\"tl_3\">Especificaciones:<\/strong><\/p>\n<p id=\"tl_4\">Pantalla LCD: t\u00e1ctil<\/p>\n<p id=\"tl_5\">Nivel impermeable: IPX Nivel 4 impermeable<\/p>\n<p id=\"tl_6\">Capacidad de la bater\u00eda del auricular: 40mAh<\/p>\n<p id=\"tl_7\">Profundidad de reducci\u00f3n de ruido: 37 dB<\/p>\n<p id=\"tl_8\">Bater\u00eda del compartimento principal: 530mA<\/p>\n<p id=\"tl_9\" data-spm-anchor-id=\"a2g0o.detail.1000023.i0.4e8fdYiGdYiG5x\">Tiempo de carga de los auriculares: 1,5 H<\/p>\n<p id=\"tl_10\">Tiempo de carga del compartimento principal: 2H<\/p>\n<p id=\"tl_11\">Distancia de transmisi\u00f3n: \u2265 10 metros (sin barreras)<\/p>\n<p id=\"tl_12\">Duraci\u00f3n de la bater\u00eda: 6H<\/p>\n<p id=\"tl_13\">Puerto de carga: Tipo-c\/Puerto de carga de Apple<\/p>\n<p id=\"tl_14\">Frecuencia de trabajo: 15,2402 MHz -2480MHz<\/p>\n<p id=\"tl_15\" data-spm-anchor-id=\"a2g0o.detail.1000023.i1.4e8fdYiGdYiG5x\">El estuche de carga puede cargar los auriculares 4 veces<\/p>\n<ul class=\"specification--list--fiWsSyv\">\n<li class=\"specification--line--iUJOqof\">\n<div class=\"specification--prop--RejitI8\">\n<div class=\"specification--title--UbVeyic\" data-spm-anchor-id=\"a2g0o.detail.0.i8.4e8fdYiGdYiG5x\">Material<\/div>\n<div class=\"specification--desc--Mz148Bl\" title=\"ABS,Pl\u00e1stico\">ABS,Pl\u00e1stico<\/div>\n<\/div>\n<div class=\"specification--prop--RejitI8\">\n<div class=\"specification--title--UbVeyic\">Peso [g]<\/div>\n<div class=\"specification--desc--Mz148Bl\" title=\"120\">120<\/div>\n<\/div>\n<\/li>\n<li class=\"specification--line--iUJOqof\">\n<div class=\"specification--prop--RejitI8\">\n<div class=\"specification--title--UbVeyic\">Duraci\u00f3n de la bater\u00eda hasta [horas]<\/div>\n<div class=\"specification--desc--Mz148Bl\" title=\"4\">4<\/div>\n<\/div>\n<div class=\"specification--prop--RejitI8\">\n<div class=\"specification--title--UbVeyic\">Asistente de voz incorporado<\/div>\n<div class=\"specification--desc--Mz148Bl\" title=\"YES\">YES<\/div>\n<\/div>\n<\/li>\n<li class=\"specification--line--iUJOqof\">\n<div class=\"specification--prop--RejitI8\">\n<div class=\"specification--title--UbVeyic\">Alcance inal\u00e1mbrico m\u00e1ximo [m]<\/div>\n<div class=\"specification--desc--Mz148Bl\" title=\"&lt;10M\">&lt;10M<\/div>\n<\/div>\n<div class=\"specification--prop--RejitI8\">\n<div class=\"specification--title--UbVeyic\">Tecnolog\u00eda NFC<\/div>\n<div class=\"specification--desc--Mz148Bl\" title=\"no\">no<\/div>\n<\/div>\n<\/li>\n<li class=\"specification--line--iUJOqof\">\n<div class=\"specification--prop--RejitI8\">\n<div class=\"specification--title--UbVeyic\">Aislamiento de sonido<\/div>\n<div class=\"specification--desc--Mz148Bl\" title=\"YES\">YES<\/div>\n<\/div>\n<div class=\"specification--prop--RejitI8\">\n<div class=\"specification--title--UbVeyic\">Categor\u00eda<\/div>\n<div class=\"specification--desc--Mz148Bl\" title=\"Auriculares y aud\u00edfonos\">Auriculares y aud\u00edfonos<\/div>\n<\/div>\n<\/li>\n<li class=\"specification--line--iUJOqof\">\n<div class=\"specification--prop--RejitI8\">\n<div class=\"specification--title--UbVeyic\">M\u00e9todo de carga<\/div>\n<div class=\"specification--desc--Mz148Bl\" title=\"Estuche de carga\">Estuche de carga<\/div>\n<\/div>\n<div class=\"specification--prop--RejitI8\">\n<div class=\"specification--title--UbVeyic\">Rango de impedancia<\/div>\n<div class=\"specification--desc--Mz148Bl\" title=\"hasta 32 \u03a9\">hasta 32 \u03a9<\/div>\n<\/div>\n<\/li>\n<li class=\"specification--line--iUJOqof\">\n<div class=\"specification--prop--RejitI8\">\n<div class=\"specification--title--UbVeyic\">Caracter\u00edsticas<\/div>\n<div class=\"specification--desc--Mz148Bl\" title=\"Impermeable,Con micr\u00f3fono\">Impermeable,Con micr\u00f3fono<\/div>\n<\/div>\n<div class=\"specification--prop--RejitI8\">\n<div class=\"specification--title--UbVeyic\">Micr\u00f3fono integrado<\/div>\n<div class=\"specification--desc--Mz148Bl\" title=\"Si\">Si<\/div>\n<\/div>\n<\/li>\n<li class=\"specification--line--iUJOqof\">\n<div class=\"specification--prop--RejitI8\">\n<div class=\"specification--title--UbVeyic\">Inal\u00e1mbrico<\/div>\n<div class=\"specification--desc--Mz148Bl\" title=\"S\u00ed\">S\u00ed<\/div>\n<\/div>\n<div class=\"specification--prop--RejitI8\">\n<div class=\"specification--title--UbVeyic\">Admite tarjeta de memoria<\/div>\n<div class=\"specification--desc--Mz148Bl\" title=\"No\">No<\/div>\n<\/div>\n<\/li>\n<li class=\"specification--line--iUJOqof\">\n<div class=\"specification--prop--RejitI8\">\n<div class=\"specification--title--UbVeyic\">Impermeable<\/div>\n<div class=\"specification--desc--Mz148Bl\" title=\"Si\">Si<\/div>\n<\/div>\n<div class=\"specification--prop--RejitI8\">\n<div class=\"specification--title--UbVeyic\">Funci\u00f3n<\/div>\n<div class=\"specification--desc--Mz148Bl\" title=\"Auriculares comunes,Auriculares HiFi,Para exteriores,Para Oficina,Para estudio\">Auriculares comunes,Auriculares HiFi,Para exteriores,Para Oficina,Para estudio<\/div>\n<\/div>\n<\/li>\n<li class=\"specification--line--iUJOqof\">\n<div class=\"specification--prop--RejitI8\">\n<div class=\"specification--title--UbVeyic\">Cancelaci\u00f3n de ruido activa<\/div>\n<div class=\"specification--desc--Mz148Bl\" title=\"No\">No<\/div>\n<\/div>\n<div class=\"specification--prop--RejitI8\">\n<div class=\"specification--title--UbVeyic\">Control de volumen<\/div>\n<div class=\"specification--desc--Mz148Bl\" title=\"S\u00ed\">S\u00ed<\/div>\n<\/div>\n<\/li>\n<li class=\"specification--line--iUJOqof\">\n<div class=\"specification--prop--RejitI8\">\n<div class=\"specification--title--UbVeyic\">Bot\u00f3n de control<\/div>\n<div class=\"specification--desc--Mz148Bl\" title=\"S\u00ed\">S\u00ed<\/div>\n<\/div>\n<div class=\"specification--prop--RejitI8\">\n<div class=\"specification--title--UbVeyic\">Principio de vocalidad<\/div>\n<div class=\"specification--desc--Mz148Bl\" title=\"Tecnolog\u00eda h\u00edbrida\">Tecnolog\u00eda h\u00edbrida<\/div>\n<\/div>\n<\/li>\n<li class=\"specification--line--iUJOqof\">\n<div class=\"specification--prop--RejitI8\">\n<div class=\"specification--title--UbVeyic\">Tipo inal\u00e1mbrico<\/div>\n<div class=\"specification--desc--Mz148Bl\" title=\"bluetooth\">bluetooth<\/div>\n<\/div>\n<div class=\"specification--prop--RejitI8\">\n<div class=\"specification--title--UbVeyic\">Comunicaci\u00f3n<\/div>\n<div class=\"specification--desc--Mz148Bl\" title=\"wireless\">wireless<\/div>\n<\/div>\n<\/li>\n<li class=\"specification--line--iUJOqof\">\n<div class=\"specification--prop--RejitI8\">\n<div class=\"specification--title--UbVeyic\">Estilo<\/div>\n<div class=\"specification--desc--Mz148Bl\" title=\"In-ear\">In-ear<\/div>\n<\/div>\n<div class=\"specification--prop--RejitI8\">\n<div class=\"specification--title--UbVeyic\">Origen<\/div>\n<div class=\"specification--desc--Mz148Bl\" title=\"CN(Origen)\">CN(Origen)<\/div>\n<\/div>\n<\/li>\n<\/ul>\n","protected":false},"excerpt":{"rendered":"<p>Especificaciones: Pantalla LCD: t\u00e1ctil Nivel impermeable: IPX Nivel 4 impermeable Capacidad de la bater\u00eda del auricular: 40mAh Profundidad de reducci\u00f3n de ruido: 37 dB Bater\u00eda&#8230;<\/p>\n","protected":false},"featured_media":75926,"template":"","meta":[],"product_brand":[],"product_cat":[18],"product_tag":[],"class_list":{"0":"post-75902","1":"product","2":"type-product","3":"status-publish","4":"has-post-thumbnail","6":"product_cat-tws","7":"product_shipping_class-envio-gratis","9":"first","10":"instock","11":"shipping-taxable","12":"purchasable","13":"product-type-simple"},"jetpack_sharing_enabled":true,"_links":{"self":[{"href":"https:\/\/almacenpdm.com\/almacen\/wp-json\/wp\/v2\/product\/75902","targetHints":{"allow":["GET"]}}],"collection":[{"href":"https:\/\/almacenpdm.com\/almacen\/wp-json\/wp\/v2\/product"}],"about":[{"href":"https:\/\/almacenpdm.com\/almacen\/wp-json\/wp\/v2\/types\/product"}],"wp:featuredmedia":[{"embeddable":true,"href":"https:\/\/almacenpdm.com\/almacen\/wp-json\/wp\/v2\/media\/75926"}],"wp:attachment":[{"href":"https:\/\/almacenpdm.com\/almacen\/wp-json\/wp\/v2\/media?parent=75902"}],"wp:term":[{"taxonomy":"product_brand","embeddable":true,"href":"https:\/\/almacenpdm.com\/almacen\/wp-json\/wp\/v2\/product_brand?post=75902"},{"taxonomy":"product_cat","embeddable":true,"href":"https:\/\/almacenpdm.com\/almacen\/wp-json\/wp\/v2\/product_cat?post=75902"},{"taxonomy":"product_tag","embeddable":true,"href":"https:\/\/almacenpdm.com\/almacen\/wp-json\/wp\/v2\/product_tag?post=75902"}],"curies":[{"name":"wp","href":"https:\/\/api.w.org\/{rel}","templated":true}]}}