{"id":76717,"date":"2025-09-16T20:17:20","date_gmt":"2025-09-16T20:17:20","guid":{"rendered":"https:\/\/almacenpdm.com\/almacen\/?post_type=product&#038;p=76717"},"modified":"2025-09-16T20:18:18","modified_gmt":"2025-09-16T20:18:18","slug":"auricular-premium-t23a-pdm-tws-5-3-packing-metal","status":"publish","type":"product","link":"https:\/\/almacenpdm.com\/almacen\/producto\/auricular-premium-t23a-pdm-tws-5-3-packing-metal\/","title":{"rendered":"Auricular Premium T23A PDM Tws 5.3 Packing Metal"},"content":{"rendered":"<p>Especificaciones del producto<\/p>\n<p>Color del producto: negro y\/o blanco<br \/>\nVersi\u00f3n inal\u00e1mbrica: V5.3<br \/>\nDistancia de transmisi\u00f3n: 10 metros.<br \/>\nDi\u00e1metro del altavoz: 13 mil\u00edmetros.<br \/>\nFrecuencia: 32 ohmios.<br \/>\nSensibilidad: 107 +- 3dB.<\/p>\n<p>Rango de respuesta de frecuencia: 20 20kHz.<br \/>\nCapacidad de la bater\u00eda (caja de carga): 4.2V\/300mAh.<br \/>\nCapacidad de carga (auricular): 4.2V\/30mAh.<br \/>\nTiempo de carga (caja de carga): aproximadamente 1.5 horas.<\/p>\n<p>La caja de carga se puede usar para cargar los auriculares: aproximadamente 3 veces.<\/p>\n","protected":false},"excerpt":{"rendered":"<p>Especificaciones del producto Color del producto: negro y\/o blanco Versi\u00f3n inal\u00e1mbrica: V5.3 Distancia de transmisi\u00f3n: 10 metros. Di\u00e1metro del altavoz: 13 mil\u00edmetros. Frecuencia: 32 ohmios&#8230;.<\/p>\n","protected":false},"featured_media":76712,"template":"","meta":[],"product_brand":[],"product_cat":[18],"product_tag":[],"class_list":{"0":"post-76717","1":"product","2":"type-product","3":"status-publish","4":"has-post-thumbnail","6":"product_cat-tws","7":"product_shipping_class-envio-gratis","9":"first","10":"instock","11":"shipping-taxable","12":"purchasable","13":"product-type-simple"},"jetpack_sharing_enabled":true,"_links":{"self":[{"href":"https:\/\/almacenpdm.com\/almacen\/wp-json\/wp\/v2\/product\/76717","targetHints":{"allow":["GET"]}}],"collection":[{"href":"https:\/\/almacenpdm.com\/almacen\/wp-json\/wp\/v2\/product"}],"about":[{"href":"https:\/\/almacenpdm.com\/almacen\/wp-json\/wp\/v2\/types\/product"}],"wp:featuredmedia":[{"embeddable":true,"href":"https:\/\/almacenpdm.com\/almacen\/wp-json\/wp\/v2\/media\/76712"}],"wp:attachment":[{"href":"https:\/\/almacenpdm.com\/almacen\/wp-json\/wp\/v2\/media?parent=76717"}],"wp:term":[{"taxonomy":"product_brand","embeddable":true,"href":"https:\/\/almacenpdm.com\/almacen\/wp-json\/wp\/v2\/product_brand?post=76717"},{"taxonomy":"product_cat","embeddable":true,"href":"https:\/\/almacenpdm.com\/almacen\/wp-json\/wp\/v2\/product_cat?post=76717"},{"taxonomy":"product_tag","embeddable":true,"href":"https:\/\/almacenpdm.com\/almacen\/wp-json\/wp\/v2\/product_tag?post=76717"}],"curies":[{"name":"wp","href":"https:\/\/api.w.org\/{rel}","templated":true}]}}